.
2
Calculate the remainder when 298 is divided by 12.
10
Calculate the remainder when 192 is divided by 45.
12
Calculate the remainder when 817 is divided by 162.
7
Calculate the remainder when 136 is divided by 10.
6
What is the remainder when 321 is divided by 60?
21
What is the remainder when 64 is divided by 21?
1
Calculate the remainder when 5624 is divided by 12.
8
What is the remainder when 378 is divided by 187?
4
Calculate the remainder when 339 is divided by 19.
16
Calculate the remainder when 133 is divided by 24.
13
Calculate the remainder when 143 is divided by 50.
43
What is the remainder when 259 is divided by 64?
3
Calculate the remainder when 620 is divided by 68.
8
What is the remainder when 363 is divided by 28?
27
Calculate the remainder when 3214 is divided by 8.
6
Calculate the remainder when 425 is divided by 13.
9
What is the remainder when 4413 is divided by 96?
93
What is the remainder when 33 is divided by 5?
3
Calculate the remainder when 5178 is divided by 35.
33
Calculate the remainder when 776 is divided by 39.
35
Calculate the remainder when 760 is divided by 126.
4
What is the remainder when 341 is divided by 101?
38
What is the remainder when 829 is divided by 21?
10
What is the remainder when 1810 is divided by 75?
10
What is the remainder when 246 is divided by 51?
42
What is the remainder when 209 is divided by 73?
63
What is the remainder when 466 is divided by 91?
11
Calculate the remainder when 139 is divided by 11.
7
What is the remainder when 120 is divided by 41?
38
Calculate the remainder when 16 is divided by 9.
7
Calculate the remainder when 7369 is divided by 110.
109
What is the remainder when 618 is divided by 394?
224
What is the remainder when 179 is divided by 44?
3
What is the remainder when 1479 is divided by 6?
3
What is the remainder when 5396 is divided by 27?
23
What is the remainder when 669 is divided by 134?
133
What is the remainder when 437 is divided by 8?
5
Calculate the remainder when 137 is divided by 89.
48
Calculate the remainder when 163 is divided by 44.
31
What is the remainder when 177 is divided by 88?
1
Calculate the remainder when 17687 is divided by 88.
87
Calculate the remainder when 1264 is divided by 23.
22
What is the remainder when 257 is divided by 64?
1
Calculate the remainder when 501 is divided by 82.
9
Calculate the remainder when 195 is divided by 54.
33
What is the remainder when 520 is divided by 68?
44
What is the remainder when 293 is divided by 98?
97
Calculate the remainder when 229 is divided by 13.
8
Calculate the remainder when 73 is divided by 65.
8
Calculate the remainder when 879 is divided by 14.
11
Calculate the remainder when 6445 is divided by 62.
59
Calculate the remainder when 362 is divided by 61.
57
What is the remainder when 3392 is divided by 4?
0
What is the remainder when 346 is divided by 21?
10
What is the remainder when 562 is divided by 1?
0
What is the remainder when 49 is divided by 11?
5
Calculate the remainder when 1119 is divided by 62.
3
What is the remainder when 755 is divided by 14?
13
Calculate the remainder when 773 is divided by 141.
68
What is the remainder when 386 is divided by 41?
17
Calculate the remainder when 496 is divided by 125.
121
What is the remainder when 85 is divided by 43?
42
What is the remainder when 64 is divided by 6?
4
Calculate the remainder when 5660 is divided by 48.
44
What is the remainder when 181 is divided by 37?
33
What is the remainder when 96 is divided by 30?
6
What is the remainder when 87 is divided by 24?
15
Calculate the remainder when 6611 is divided by 9.
5
What is the remainder when 203 is divided by 34?
33
Calculate the remainder when 4699 is divided by 182.
149
What is the remainder when 2275 is divided by 99?
97
What is the remainder when 736 is divided by 74?
70
Calculate the remainder when 977 is divided by 7.
4
Calculate the remainder when 122 is divided by 38.
8
Calculate the remainder when 72 is divided by 9.
0
Calculate the remainder when 984 is divided by 422.
140
Calculate the remainder when 12 is divided by 10.
2
What is the remainder when 679 is divided by 67?
9
Calculate the remainder when 52 is divided by 7.
3
What is the remainder when 26862 is divided by 202?
198
What is the remainder when 437 is divided by 89?
81
Calculate the remainder when 107 is divided by 27.
26
Calculate the remainder when 119 is divided by 32.
23
What is the remainder when 302 is divided by 68?
30
What is the remainder when 28 is divided by 13?
2
What is the remainder when 1039 is divided by 65?
64
Calculate the remainder when 153 is divided by 20.
13
Calculate the remainder when 129 is divided by 17.
10
What is the remainder when 312 is divided by 53?
47
What is the remainder when 30 is divided by 4?
2
Calculate the remainder when 179 is divided by 18.
17
Calculate the remainder when 232 is divided by 12.
4
Calculate the remainder when 14573 is divided by 20.
13
What is the remainder when 473 is divided by 34?
31
What is the remainder when 1867 is divided by 110?
107
Calculate the remainder when 85 is divided by 11.
8
What is the remainder when 114 is divided by 23?
22
What is the remainder when 2875 is divided by 45?
40
What is the remainder when 362 is divided by 127?
108
What is the remainder when 115 is divided by 115?
0
Calculate the remainder when 162 is divided by 55.
52
Calculate the remainder when 1705 is divided by 214.
207
What is the remainder when 210 is divided by 122?
88
Calculate the remainder when 206 is divided by 104.
102
What is the remainder when 19277 is divided by 162?
161
What is the remainder when 243 is divided by 24?
3
Calculate the remainder when 317 is divided by 90.
47
Calculate the remainder when 189 is divided by 55.
24
Calculate the remainder when 438 is divided by 20.
18
Calculate the remainder when 40 is divided by 15.
10
Calculate the remainder when 214 is divided by 7.
4
What is the remainder when 231 is divided by 67?
30
Calculate the remainder when 4143 is divided by 8.
7
What is the remainder when 5036 is divided by 73?
72
Calculate the remainder when 927 is divided by 133.
129
What is the remainder when 2217 is divided by 56?
33
Calculate the remainder when 131 is divided by 7.
5
What is the remainder when 257 is divided by 131?
126
What is the remainder when 850 is divided by 53?
2
Calculate the remainder when 119 is divided by 45.
29
Calculate the remainder when 223 is divided by 17.
2
Calculate the remainder when 5398 is divided by 60.
58
What is the remainder when 397 is divided by 209?
188
Calculate the remainder when 149 is divided by 1.
0
What is the remainder when 649 is divided by 77?
33
What is the remainder when 226 is divided by 61?
43
Calculate the remainder when 71 is divided by 39.
32
Calculate the remainder when 672 is divided by 25.
22
What is the remainder when 3244 is divided by 56?
52
What is the remainder when 25 is divided by 21?
4
What is the remainder when 29 is divided by 16?
13
What is the remainder when 339 is divided by 30?
9
What is the remainder when 229 is divided by 40?
29
Calculate the remainder when 4956 is divided by 57.
54
Calculate the remainder when 825 is divided by 104.
97
Calculate the remainder when 547 is divided by 61.
59
What is the remainder when 194 is divided by 162?
32
What is the remainder when 412 is divided by 105?
97
What is the remainder when 103 is divided by 16?
7
What is the remainder when 974 is divided by 70?
64
Calculate the remainder when 582 is divided by 27.
15
Calculate the remainder when 1265 is divided by 90.
5
What is the remainder when 4379 is divided by 41?
33
What is the remainder when 123 is divided by 38?
9
Calculate the remainder when 65 is divided by 36.
29
Calculate the remainder when 50399 is divided by 112.
111
What is the remainder when 677 is divided by 34?
31
What is the remainder when 2633 is divided by 60?
53
Calculate the remainder when 16636 is divided by 104.
100
What is the remainder when 76 is divided by 26?
24
What is the remainder when 416 is divided by 71?
61
What is the remainder when 78 is divided by 27?
24
Calculate the remainder when 186 is divided by 55.
21
Calculate the remainder when 279 is divided by 32.
23
Calculate the remainder when 75 is di